{"id":14861,"date":"2017-11-08T14:41:39","date_gmt":"2017-11-08T13:41:39","guid":{"rendered":"https:\/\/lesvignals.fr\/produit\/blanc-sec-perle-2019\/"},"modified":"2025-01-01T00:08:34","modified_gmt":"2024-12-31T23:08:34","slug":"blanc-sec-perle-75-cl","status":"publish","type":"product","link":"https:\/\/lesvignals.fr\/en\/produit\/blanc-sec-perle-75-cl\/","title":{"rendered":"Herbe Folle Blanc Sec Perl\u00e9 2021"},"content":{"rendered":"<div class=\"et_d4_element et_pb_section et_pb_section_0  et_pb_css_mix_blend_mode et_section_regular et_block_section\" >\n\t\t\t\t\n\t\t\t\t\n\t\t\t\t\n\t\t\t\t\n\t\t\t\t\n\t\t\t\t\n\t\t\t\t\n\t\t\t\t\n\t\t\t\t\n\t\t\t<\/div>\n","protected":false},"excerpt":{"rendered":"<p class=\"p1\"><span class=\"s1\"><strong>Appellation:<\/strong> IGP C\u00f4tes du Tarn<\/span><\/p>\n<p class=\"p1\"><span class=\"s1\"><strong>Winemaker:<\/strong> Olivier JEAN<\/span><\/p>\n<p class=\"p1\"><span class=\"s1\"><strong>Grape variety :<\/strong> 60% Mauzac 40% Loin de l\u2019oeil <\/span><\/p>\n<p class=\"p1\"><span class=\"s1\"><strong>Soil:<\/strong> Clay and limestone<\/span><\/p>\n<p class=\"p1\"><span class=\"s1\"><strong>Harvest :<\/strong> Hand picked<\/span><\/p>\n<p class=\"p1\"><span class=\"s1\"><strong>Yield:<\/strong> 45 hl\/ha<\/span><\/p>\n<p class=\"p1\"><span class=\"s1\"><strong>Bottling:<\/strong> at the estate, in bottles of 750 ml <\/span><\/p>\n<p class=\"p1\"><span class=\"s1\"><strong>Certification:<\/strong> Organic wine certified by ECOCERT<\/span><\/p>\n","protected":false},"featured_media":21423,"comment_status":"closed","ping_status":"closed","template":"","meta":{"_et_pb_use_builder":"off","_et_pb_old_content":"","_et_gb_content_width":""},"product_brand":[],"product_cat":[167,166],"product_tag":[],"class_list":{"0":"post-14861","1":"product","2":"type-product","3":"status-publish","4":"has-post-thumbnail","6":"product_cat-gaillac-aoc","7":"product_cat-les-blancs","8":"product_shipping_class-bouteille-en","10":"first","11":"outofstock","12":"taxable","13":"shipping-taxable","14":"purchasable","15":"product-type-simple"},"yoast_head":"<!-- This site is optimized with the Yoast SEO plugin v27.3 - https:\/\/yoast.com\/product\/yoast-seo-wordpress\/ -->\n<title>Herbe Folle Blanc Sec Perl\u00e9 2021 - Ch\u00e2teau Les Vignals<\/title>\n<meta name=\"robots\" content=\"index, follow, max-snippet:-1, max-image-preview:large, max-video-preview:-1\" \/>\n<link rel=\"canonical\" href=\"https:\/\/lesvignals.fr\/en\/produit\/blanc-sec-perle-75-cl\/\" \/>\n<meta property=\"og:locale\" content=\"en_US\" \/>\n<meta property=\"og:type\" content=\"article\" \/>\n<meta property=\"og:title\" content=\"Herbe Folle Blanc Sec Perl\u00e9 2021 - Ch\u00e2teau Les Vignals\" \/>\n<meta property=\"og:description\" content=\"Appellation: IGP C\u00f4tes du Tarn Winemaker: Olivier JEAN Grape variety : 60% Mauzac 40% Loin de l\u2019oeil  Soil: Clay and limestone Harvest : Hand picked Yield: 45 hl\/ha Bottling: at the estate, in bottles of 750 ml  Certification: Organic wine certified by ECOCERT\" \/>\n<meta property=\"og:url\" content=\"https:\/\/lesvignals.fr\/en\/produit\/blanc-sec-perle-75-cl\/\" \/>\n<meta property=\"og:site_name\" content=\"Ch\u00e2teau Les Vignals\" \/>\n<meta property=\"article:modified_time\" content=\"2024-12-31T23:08:34+00:00\" \/>\n<meta property=\"og:image\" content=\"https:\/\/lesvignals.fr\/wp-content\/uploads\/2017\/11\/Blanc-Perle-boutique-vignals-2.jpg\" \/>\n\t<meta property=\"og:image:width\" content=\"1000\" \/>\n\t<meta property=\"og:image:height\" content=\"1000\" \/>\n\t<meta property=\"og:image:type\" content=\"image\/jpeg\" \/>\n<meta name=\"twitter:card\" content=\"summary_large_image\" \/>\n<meta name=\"twitter:label1\" content=\"Est. reading time\" \/>\n\t<meta name=\"twitter:data1\" content=\"2 minutes\" \/>\n<script type=\"application\/ld+json\" class=\"yoast-schema-graph\">{\"@context\":\"https:\\\/\\\/schema.org\",\"@graph\":[{\"@type\":\"WebPage\",\"@id\":\"https:\\\/\\\/lesvignals.fr\\\/en\\\/produit\\\/blanc-sec-perle-75-cl\\\/\",\"url\":\"https:\\\/\\\/lesvignals.fr\\\/en\\\/produit\\\/blanc-sec-perle-75-cl\\\/\",\"name\":\"Herbe Folle Blanc Sec Perl\u00e9 2021 - Ch\u00e2teau Les Vignals\",\"isPartOf\":{\"@id\":\"https:\\\/\\\/lesvignals.fr\\\/en\\\/#website\"},\"primaryImageOfPage\":{\"@id\":\"https:\\\/\\\/lesvignals.fr\\\/en\\\/produit\\\/blanc-sec-perle-75-cl\\\/#primaryimage\"},\"image\":{\"@id\":\"https:\\\/\\\/lesvignals.fr\\\/en\\\/produit\\\/blanc-sec-perle-75-cl\\\/#primaryimage\"},\"thumbnailUrl\":\"https:\\\/\\\/lesvignals.fr\\\/wp-content\\\/uploads\\\/2026\\\/03\\\/Blanc-Perle-boutique-vignals-2.jpg\",\"datePublished\":\"2017-11-08T13:41:39+00:00\",\"dateModified\":\"2024-12-31T23:08:34+00:00\",\"breadcrumb\":{\"@id\":\"https:\\\/\\\/lesvignals.fr\\\/en\\\/produit\\\/blanc-sec-perle-75-cl\\\/#breadcrumb\"},\"inLanguage\":\"en-US\",\"potentialAction\":[{\"@type\":\"ReadAction\",\"target\":[\"https:\\\/\\\/lesvignals.fr\\\/en\\\/produit\\\/blanc-sec-perle-75-cl\\\/\"]}]},{\"@type\":\"ImageObject\",\"inLanguage\":\"en-US\",\"@id\":\"https:\\\/\\\/lesvignals.fr\\\/en\\\/produit\\\/blanc-sec-perle-75-cl\\\/#primaryimage\",\"url\":\"https:\\\/\\\/lesvignals.fr\\\/wp-content\\\/uploads\\\/2026\\\/03\\\/Blanc-Perle-boutique-vignals-2.jpg\",\"contentUrl\":\"https:\\\/\\\/lesvignals.fr\\\/wp-content\\\/uploads\\\/2026\\\/03\\\/Blanc-Perle-boutique-vignals-2.jpg\",\"width\":1000,\"height\":1000},{\"@type\":\"BreadcrumbList\",\"@id\":\"https:\\\/\\\/lesvignals.fr\\\/en\\\/produit\\\/blanc-sec-perle-75-cl\\\/#breadcrumb\",\"itemListElement\":[{\"@type\":\"ListItem\",\"position\":1,\"name\":\"Accueil\",\"item\":\"https:\\\/\\\/lesvignals.fr\\\/en\\\/home\\\/\"},{\"@type\":\"ListItem\",\"position\":2,\"name\":\"Online Shop\",\"item\":\"https:\\\/\\\/lesvignals.fr\\\/en\\\/online-shop\\\/\"},{\"@type\":\"ListItem\",\"position\":3,\"name\":\"Herbe Folle Blanc Sec Perl\u00e9 2021\"}]},{\"@type\":\"WebSite\",\"@id\":\"https:\\\/\\\/lesvignals.fr\\\/en\\\/#website\",\"url\":\"https:\\\/\\\/lesvignals.fr\\\/en\\\/\",\"name\":\"Ch\u00e2teau Les Vignals\",\"description\":\"Agitateurs de raisins | Vins de GAILLAC\",\"publisher\":{\"@id\":\"https:\\\/\\\/lesvignals.fr\\\/en\\\/#organization\"},\"potentialAction\":[{\"@type\":\"SearchAction\",\"target\":{\"@type\":\"EntryPoint\",\"urlTemplate\":\"https:\\\/\\\/lesvignals.fr\\\/en\\\/?s={search_term_string}\"},\"query-input\":{\"@type\":\"PropertyValueSpecification\",\"valueRequired\":true,\"valueName\":\"search_term_string\"}}],\"inLanguage\":\"en-US\"},{\"@type\":\"Organization\",\"@id\":\"https:\\\/\\\/lesvignals.fr\\\/en\\\/#organization\",\"name\":\"Ch\u00e2teau Les Vignals\",\"url\":\"https:\\\/\\\/lesvignals.fr\\\/en\\\/\",\"logo\":{\"@type\":\"ImageObject\",\"inLanguage\":\"en-US\",\"@id\":\"https:\\\/\\\/lesvignals.fr\\\/en\\\/#\\\/schema\\\/logo\\\/image\\\/\",\"url\":\"https:\\\/\\\/lesvignals.fr\\\/wp-content\\\/uploads\\\/2019\\\/12\\\/LOGO-VIGNALS.png\",\"contentUrl\":\"https:\\\/\\\/lesvignals.fr\\\/wp-content\\\/uploads\\\/2019\\\/12\\\/LOGO-VIGNALS.png\",\"width\":400,\"height\":260,\"caption\":\"Ch\u00e2teau Les Vignals\"},\"image\":{\"@id\":\"https:\\\/\\\/lesvignals.fr\\\/en\\\/#\\\/schema\\\/logo\\\/image\\\/\"}}]}<\/script>\n<!-- \/ Yoast SEO plugin. -->","yoast_head_json":{"title":"Herbe Folle Blanc Sec Perl\u00e9 2021 - Ch\u00e2teau Les Vignals","robots":{"index":"index","follow":"follow","max-snippet":"max-snippet:-1","max-image-preview":"max-image-preview:large","max-video-preview":"max-video-preview:-1"},"canonical":"https:\/\/lesvignals.fr\/en\/produit\/blanc-sec-perle-75-cl\/","og_locale":"en_US","og_type":"article","og_title":"Herbe Folle Blanc Sec Perl\u00e9 2021 - Ch\u00e2teau Les Vignals","og_description":"Appellation: IGP C\u00f4tes du Tarn Winemaker: Olivier JEAN Grape variety : 60% Mauzac 40% Loin de l\u2019oeil  Soil: Clay and limestone Harvest : Hand picked Yield: 45 hl\/ha Bottling: at the estate, in bottles of 750 ml  Certification: Organic wine certified by ECOCERT","og_url":"https:\/\/lesvignals.fr\/en\/produit\/blanc-sec-perle-75-cl\/","og_site_name":"Ch\u00e2teau Les Vignals","article_modified_time":"2024-12-31T23:08:34+00:00","og_image":[{"width":1000,"height":1000,"url":"https:\/\/lesvignals.fr\/wp-content\/uploads\/2017\/11\/Blanc-Perle-boutique-vignals-2.jpg","type":"image\/jpeg"}],"twitter_card":"summary_large_image","twitter_misc":{"Est. reading time":"2 minutes"},"schema":{"@context":"https:\/\/schema.org","@graph":[{"@type":"WebPage","@id":"https:\/\/lesvignals.fr\/en\/produit\/blanc-sec-perle-75-cl\/","url":"https:\/\/lesvignals.fr\/en\/produit\/blanc-sec-perle-75-cl\/","name":"Herbe Folle Blanc Sec Perl\u00e9 2021 - Ch\u00e2teau Les Vignals","isPartOf":{"@id":"https:\/\/lesvignals.fr\/en\/#website"},"primaryImageOfPage":{"@id":"https:\/\/lesvignals.fr\/en\/produit\/blanc-sec-perle-75-cl\/#primaryimage"},"image":{"@id":"https:\/\/lesvignals.fr\/en\/produit\/blanc-sec-perle-75-cl\/#primaryimage"},"thumbnailUrl":"https:\/\/lesvignals.fr\/wp-content\/uploads\/2026\/03\/Blanc-Perle-boutique-vignals-2.jpg","datePublished":"2017-11-08T13:41:39+00:00","dateModified":"2024-12-31T23:08:34+00:00","breadcrumb":{"@id":"https:\/\/lesvignals.fr\/en\/produit\/blanc-sec-perle-75-cl\/#breadcrumb"},"inLanguage":"en-US","potentialAction":[{"@type":"ReadAction","target":["https:\/\/lesvignals.fr\/en\/produit\/blanc-sec-perle-75-cl\/"]}]},{"@type":"ImageObject","inLanguage":"en-US","@id":"https:\/\/lesvignals.fr\/en\/produit\/blanc-sec-perle-75-cl\/#primaryimage","url":"https:\/\/lesvignals.fr\/wp-content\/uploads\/2026\/03\/Blanc-Perle-boutique-vignals-2.jpg","contentUrl":"https:\/\/lesvignals.fr\/wp-content\/uploads\/2026\/03\/Blanc-Perle-boutique-vignals-2.jpg","width":1000,"height":1000},{"@type":"BreadcrumbList","@id":"https:\/\/lesvignals.fr\/en\/produit\/blanc-sec-perle-75-cl\/#breadcrumb","itemListElement":[{"@type":"ListItem","position":1,"name":"Accueil","item":"https:\/\/lesvignals.fr\/en\/home\/"},{"@type":"ListItem","position":2,"name":"Online Shop","item":"https:\/\/lesvignals.fr\/en\/online-shop\/"},{"@type":"ListItem","position":3,"name":"Herbe Folle Blanc Sec Perl\u00e9 2021"}]},{"@type":"WebSite","@id":"https:\/\/lesvignals.fr\/en\/#website","url":"https:\/\/lesvignals.fr\/en\/","name":"Ch\u00e2teau Les Vignals","description":"Agitateurs de raisins | Vins de GAILLAC","publisher":{"@id":"https:\/\/lesvignals.fr\/en\/#organization"},"potentialAction":[{"@type":"SearchAction","target":{"@type":"EntryPoint","urlTemplate":"https:\/\/lesvignals.fr\/en\/?s={search_term_string}"},"query-input":{"@type":"PropertyValueSpecification","valueRequired":true,"valueName":"search_term_string"}}],"inLanguage":"en-US"},{"@type":"Organization","@id":"https:\/\/lesvignals.fr\/en\/#organization","name":"Ch\u00e2teau Les Vignals","url":"https:\/\/lesvignals.fr\/en\/","logo":{"@type":"ImageObject","inLanguage":"en-US","@id":"https:\/\/lesvignals.fr\/en\/#\/schema\/logo\/image\/","url":"https:\/\/lesvignals.fr\/wp-content\/uploads\/2019\/12\/LOGO-VIGNALS.png","contentUrl":"https:\/\/lesvignals.fr\/wp-content\/uploads\/2019\/12\/LOGO-VIGNALS.png","width":400,"height":260,"caption":"Ch\u00e2teau Les Vignals"},"image":{"@id":"https:\/\/lesvignals.fr\/en\/#\/schema\/logo\/image\/"}}]}},"_links":{"self":[{"href":"https:\/\/lesvignals.fr\/en\/wp-json\/wp\/v2\/product\/14861","targetHints":{"allow":["GET"]}}],"collection":[{"href":"https:\/\/lesvignals.fr\/en\/wp-json\/wp\/v2\/product"}],"about":[{"href":"https:\/\/lesvignals.fr\/en\/wp-json\/wp\/v2\/types\/product"}],"replies":[{"embeddable":true,"href":"https:\/\/lesvignals.fr\/en\/wp-json\/wp\/v2\/comments?post=14861"}],"wp:featuredmedia":[{"embeddable":true,"href":"https:\/\/lesvignals.fr\/en\/wp-json\/wp\/v2\/media\/21423"}],"wp:attachment":[{"href":"https:\/\/lesvignals.fr\/en\/wp-json\/wp\/v2\/media?parent=14861"}],"wp:term":[{"taxonomy":"product_brand","embeddable":true,"href":"https:\/\/lesvignals.fr\/en\/wp-json\/wp\/v2\/product_brand?post=14861"},{"taxonomy":"product_cat","embeddable":true,"href":"https:\/\/lesvignals.fr\/en\/wp-json\/wp\/v2\/product_cat?post=14861"},{"taxonomy":"product_tag","embeddable":true,"href":"https:\/\/lesvignals.fr\/en\/wp-json\/wp\/v2\/product_tag?post=14861"}],"curies":[{"name":"wp","href":"https:\/\/api.w.org\/{rel}","templated":true}]}}

Herbe Folle Blanc Sec Perlé 2021

<p class="p1"><span class="s1"><strong>Appellation:</strong> IGP Côtes du Tarn</span></p>
<p class="p1"><span class="s1"><strong>Winemaker:</strong> Olivier JEAN</span></p>
<p class="p1"><span class="s1"><strong>Grape variety :</strong> 60% Mauzac 40% Loin de l’oeil </span></p>
<p class="p1"><span class="s1"><strong>Soil:</strong> Clay and limestone</span></p>
<p class="p1"><span class="s1"><strong>Harvest :</strong> Hand picked</span></p>
<p class="p1"><span class="s1"><strong>Yield:</strong> 45 hl/ha</span></p>
<p class="p1"><span class="s1"><strong>Bottling:</strong> at the estate, in bottles of 750 ml </span></p>
<p class="p1"><span class="s1"><strong>Certification:</strong> Organic wine certified by ECOCERT</span></p>

<!-- This site is optimized with the Yoast SEO plugin v27.3 - https://yoast.com/product/yoast-seo-wordpress/ -->
<title>Herbe Folle Blanc Sec Perlé 2021 - Château Les Vignals</title>
<meta name="robots" content="index, follow, max-snippet:-1, max-image-preview:large, max-video-preview:-1" />
<link rel="canonical" href="https://lesvignals.fr/en/produit/blanc-sec-perle-75-cl/" />
<meta property="og:locale" content="en_US" />
<meta property="og:type" content="article" />
<meta property="og:title" content="Herbe Folle Blanc Sec Perlé 2021 - Château Les Vignals" />
<meta property="og:description" content="Appellation: IGP Côtes du Tarn Winemaker: Olivier JEAN Grape variety : 60% Mauzac 40% Loin de l’oeil  Soil: Clay and limestone Harvest : Hand picked Yield: 45 hl/ha Bottling: at the estate, in bottles of 750 ml  Certification: Organic wine certified by ECOCERT" />
<meta property="og:url" content="https://lesvignals.fr/en/produit/blanc-sec-perle-75-cl/" />
<meta property="og:site_name" content="Château Les Vignals" />
<meta property="article:modified_time" content="2024-12-31T23:08:34+00:00" />
<meta property="og:image" content="https://lesvignals.fr/wp-content/uploads/2017/11/Blanc-Perle-boutique-vignals-2.jpg" />
	<meta property="og:image:width" content="1000" />
	<meta property="og:image:height" content="1000" />
	<meta property="og:image:type" content="image/jpeg" />
<meta name="twitter:card" content="summary_large_image" />
<meta name="twitter:label1" content="Est. reading time" />
	<meta name="twitter:data1" content="2 minutes" />
<script type="application/ld+json" class="yoast-schema-graph">{"@context":"https:\/\/schema.org","@graph":[{"@type":"WebPage","@id":"https:\/\/lesvignals.fr\/en\/produit\/blanc-sec-perle-75-cl\/","url":"https:\/\/lesvignals.fr\/en\/produit\/blanc-sec-perle-75-cl\/","name":"Herbe Folle Blanc Sec Perlé 2021 - Château Les Vignals","isPartOf":{"@id":"https:\/\/lesvignals.fr\/en\/#website"},"primaryImageOfPage":{"@id":"https:\/\/lesvignals.fr\/en\/produit\/blanc-sec-perle-75-cl\/#primaryimage"},"image":{"@id":"https:\/\/lesvignals.fr\/en\/produit\/blanc-sec-perle-75-cl\/#primaryimage"},"thumbnailUrl":"https:\/\/lesvignals.fr\/wp-content\/uploads\/2026\/03\/Blanc-Perle-boutique-vignals-2.jpg","datePublished":"2017-11-08T13:41:39+00:00","dateModified":"2024-12-31T23:08:34+00:00","breadcrumb":{"@id":"https:\/\/lesvignals.fr\/en\/produit\/blanc-sec-perle-75-cl\/#breadcrumb"},"inLanguage":"en-US","potentialAction":[{"@type":"ReadAction","target":["https:\/\/lesvignals.fr\/en\/produit\/blanc-sec-perle-75-cl\/"]}]},{"@type":"ImageObject","inLanguage":"en-US","@id":"https:\/\/lesvignals.fr\/en\/produit\/blanc-sec-perle-75-cl\/#primaryimage","url":"https:\/\/lesvignals.fr\/wp-content\/uploads\/2026\/03\/Blanc-Perle-boutique-vignals-2.jpg","contentUrl":"https:\/\/lesvignals.fr\/wp-content\/uploads\/2026\/03\/Blanc-Perle-boutique-vignals-2.jpg","width":1000,"height":1000},{"@type":"BreadcrumbList","@id":"https:\/\/lesvignals.fr\/en\/produit\/blanc-sec-perle-75-cl\/#breadcrumb","itemListElement":[{"@type":"ListItem","position":1,"name":"Accueil","item":"https:\/\/lesvignals.fr\/en\/home\/"},{"@type":"ListItem","position":2,"name":"Online Shop","item":"https:\/\/lesvignals.fr\/en\/online-shop\/"},{"@type":"ListItem","position":3,"name":"Herbe Folle Blanc Sec Perlé 2021"}]},{"@type":"WebSite","@id":"https:\/\/lesvignals.fr\/en\/#website","url":"https:\/\/lesvignals.fr\/en\/","name":"Château Les Vignals","description":"Agitateurs de raisins | Vins de GAILLAC","publisher":{"@id":"https:\/\/lesvignals.fr\/en\/#organization"},"potentialAction":[{"@type":"SearchAction","target":{"@type":"EntryPoint","urlTemplate":"https:\/\/lesvignals.fr\/en\/?s={search_term_string}"},"query-input":{"@type":"PropertyValueSpecification","valueRequired":true,"valueName":"search_term_string"}}],"inLanguage":"en-US"},{"@type":"Organization","@id":"https:\/\/lesvignals.fr\/en\/#organization","name":"Château Les Vignals","url":"https:\/\/lesvignals.fr\/en\/","logo":{"@type":"ImageObject","inLanguage":"en-US","@id":"https:\/\/lesvignals.fr\/en\/#\/schema\/logo\/image\/","url":"https:\/\/lesvignals.fr\/wp-content\/uploads\/2019\/12\/LOGO-VIGNALS.png","contentUrl":"https:\/\/lesvignals.fr\/wp-content\/uploads\/2019\/12\/LOGO-VIGNALS.png","width":400,"height":260,"caption":"Château Les Vignals"},"image":{"@id":"https:\/\/lesvignals.fr\/en\/#\/schema\/logo\/image\/"}}]}</script>
<!-- / Yoast SEO plugin. -->

Herbe Folle Blanc Sec Perlé 2021 - Château Les Vignals

Appellation: IGP Côtes du Tarn Winemaker: Olivier JEAN Grape variety : 60% Mauzac 40% Loin de l’oeil  Soil: Clay and limestone Harvest : Hand picked Yield: 45 hl/ha Bottling: at the estate, in bottles of 750 ml  Certification: Organic wine certified by ECOCERT

Château Les Vignals
